, 7
Let c = 938 - 842. List the prime factors of c.
2, 3
Let g(w) = -w**3 - 9*w**2 + 11*w + 6. Let b be g(-10). List the prime factors of 1*(b - -3) + 4.
3
Let l(c) = -9*c**3 - c**2 - 2*c + 1. Let r be l(1). Let k = r + 19. List the prime factors of k.
2
Suppose -11*d + 8335 = 206. List the prime factors of d.
739
Let m(l) = 16*l**2 + 4*l - 25. List the prime factors of m(6).
5, 23
Suppose -a - 318 + 4140 = d, 4*d + a = 15300. What are the prime factors of d?
2, 1913
Suppose 48*i + 7664 = 4*l + 46*i, -3*i - 9582 = -5*l. What are the prime factors of l?
2, 3, 11, 29
Suppose u - 645 = -4*u. Let d = u + -69. What are the prime factors of d?
2, 3, 5
Let v(r) = -r**3 + 18*r**2 + 27*r - 1. Let b(z) = z**3 - 17*z**2 - 26*z. Let k(q) = -3*b(q) - 2*v(q). What are the prime factors of k(16)?
2, 5, 13
Let q = 9 - 7. Let p(c) = 3091*c - 2 - 2 + 2*c**2 - 3092*c. What are the prime factors of p(q)?
2
List the prime factors of 858 + (-6)/18*3.
857
Let i(o) = o - 7. Let v(n) = -5*n + 27. Let p(z) = -9*i(z) - 2*v(z). Let g be p(-7). Suppose g*k + 11 - 57 = 0. What are the prime factors of k?
23
Let v be (((-94)/(-3))/2)/(5/45). What are the prime factors of v/4*(-16)/24*-4?
2, 47
Let i = -62 - -66. Suppose -i*f - 60 = -9*f. List the prime factors of f.
2, 3
Let r be (-6)/21 + 2/7. Suppose 0 = 4*z - 12, 0 = -t - z - r*z + 79. List the prime factors of t.
2, 19
Let a(l) = -31*l**2 - l + 1. Let c be a(3). Let m = -188 - c. Let r = m - 41. What are the prime factors of r?
2, 13
Let t(x) = 7*x**3 - 2*x**2 + 2*x - 3. List the prime factors of t(4).
421
Suppose -4*b - 4*h + 7*h + 3464 = 0, -3*b - 4*h + 2623 = 0. List the prime factors of b.
11, 79
Suppose 2*r + 3*w - 306 = 7*w, 0 = 3*r + 2*w - 451. Let l = r - -33. What are the prime factors of l?
2, 23
Suppose -7061 = -10*v - 1291. List the prime factors of v.
577
Let m = 848 + -504. Let z = m - 42. List the prime factors of z.
2, 151
List the prime factors of (-11500)/(-25) + -5 + -2.
3, 151
Let x = 579 + -299. What are the prime factors of x?
2, 5, 7
Suppose -3*f + 3631 = 5*p, 0 = 4*p - 5*p + 4*f + 740. What are the prime factors of p?
2, 7, 13
Let j = -99 - -100. Let m(p) = 163*p**2 + 3*p - 2. What are the prime factors of m(j)?
2, 41
Let f be ((-6)/(-15))/(5/50). Let z be (-14)/(f/(-6)*-3). Let d(m) = -m**2 - 8*m. What are the prime factors of d(z)?
7
Suppose 0 = c - a + 99, 6*c - 2*a + 483 = c. Let i = -1 - c. List the prime factors of i.
2, 47
Suppose -69 = -3*m - 2*w + 5*w, -3*m - 3*w = -51. Suppose -4*k + m = k. Suppose k*p - 3*n - 144 = 0, 4*p + 0*n - 136 = n. List the prime factors of p.
3, 11
Suppose -16*g + 16 = -16. List the prime factors of g/5 - (-4427)/95.
47
Let p = -20 + 5. What are the prime factors of p/(-20) - (-986)/8?
2, 31
Let v = -934 - -1966. List the prime factors of v.
2, 3, 43
Suppose 3*m - 1294 = -2*j, -3*m + 680 + 642 = -5*j. What are the prime factors of m?
2, 7, 31
Let g = 2042 + -1034. List the prime factors of g.
2, 3, 7
Suppose -4*i - 42 = 5*r - 0*r, 3*i = 2*r + 26. Let l(t) = -33*t - 8. List the prime factors of l(r).
2, 7, 23
Suppose -5*r + q = -7 - 11, 0 = 4*r - 3*q - 21. Suppose r*z = -3*y + 2*z, -4*y = -3*z + 13. What are the prime factors of (y + -4)*(-48)/10?
2, 3
Suppose 2*j = 2*k + 114, k - 5*j = -0*j - 41. Let c = -1 - k. List the prime factors of c.
2, 3, 5
Let w(h) = 3*h - 8. Let r be 18/(-36) - 17/2. Let b = 16 + r. What are the prime factors of w(b)?
13
Let z(r) = -r**2 + 44*r - 52. List the prime factors of z(22).
2, 3
Suppose 2*p + 4 - 18 = 0. Suppose 0 = -p*d + 8*d - 73. List the prime factors of d.
73
Let y(o) = 10*o - 5. Let a = 13 + -11. Suppose -f + a = -0*f. List the prime factors of y(f).
3, 5
Let h(b) = 2*b + 21. Let v be h(-9). Suppose -i + 75 = 3*i - 3*z, -57 = -3*i + v*z. What are the prime factors of i?
2, 3
Suppose -2*y = -5*y - 2*x + 4006, 3*x - 6677 = -5*y. What are the prime factors of y?
2, 167
Suppose 1635 = 2*r + m + 550, -m - 5 = 0. What are the prime factors of r?
5, 109
Let g(c) = 3*c**2 + 12*c + 94. List the prime factors of g(-5).
109
Suppose 5*v = 30 + 40. What are the prime factors of (48/v)/(24/168)?
2, 3
Suppose -r + 409 = -3*c + 85, -2*r + 642 = -4*c. List the prime factors of r.
3, 5, 7
Let m = 49 - 46. What are the prime factors of -1*2*-5*3 - m?
3
Let s be -1*(3 + -2)*-3. Suppose 0 = s*c - 15, 0*j - 50 = -3*j - c. Let u = 30 - j. List the prime factors of u.
3, 5
Suppose -13*a + 14255 = -8*a. What are the prime factors of a?
2851
Suppose -4*g = -5*g + 4. Suppose 855 = g*p - k, 4*p + 361 = 5*k + 1212. List the prime factors of p.
2, 107
Let l = -66 - -31. Let w = l + 106. List the prime factors of w.
71
Suppose -5*o + p = -231, -24*o - 3*p + 135 = -21*o. List the prime factors of o.
2, 23
Let n = -431 - -952. What are the prime factors of n?
521
Let p(c) = c**3 + 8*c**2 + 7*c + 4. Let g = 7 + -12. What are the prime factors of p(g)?
2, 11
Suppose 3*r - 84 = -0*r. Let x be 6 + (-6 - -1) + 0 + 1. Let y = r + x. List the prime factors of y.
2, 3, 5
Let o = 1 - -1. Suppose -o*b - 36 = -3*x - 5*b, 10 = -2*b. What are the prime factors of -1*(x - 0)*-1?
17
Let b be (-74)/6 - 3/(-9). What are the prime factors of b/5*(-400)/15?
2
Let d be (-114 - (-3 - -4))*-1. Suppose -5*s - d = -4*l, 3*s = -5*l - 0*s + 116. What are the prime factors of l?
5
Let g(i) = -4*i**3 + 5*i**2 + i + 1. Let k(r) = -2*r**3 + 3*r**2. Let w(o) = 3*g(o) - 5*k(o). Let s be w(3). List the prime factors of 14/(-1)*s/12.
7
What are the prime factors of (-1876)/(-4) + 0/11?
7, 67
Let h = 87 + 96. What are the prime factors of h?
3, 61
Let m(c) = 198*c - 55. What are the prime factors of m(8)?
11, 139
Let f be -2 - 1 - (5 - 211). Suppose 4*p - 113 - f = 0. Suppose 20 + p = 3*v. What are the prime factors of v?
3, 11
Let n(s) = 8 + 2 + 3*s - s**2 - 10*s**2 + 15*s**2. List the prime factors of n(5).
5
Suppose 30096 = -108*y + 114*y. List the prime factors of y.
2, 3, 11, 19
Let f(c) = -3*c - 19. Let d be f(-9). Let z = 1 + d. Suppose -4*o + z + 227 = 4*q, -o = 3*q - 169. What are the prime factors of q?
5, 11
Let h be (1 - (1 + (3 - 2))) + 179. Suppose 4 = 7*x - h. What are the prime factors of x?
2, 13
Suppose -4*j + l + 4777 = 0, -5*j + 15*l + 5980 = 12*l. What are the prime factors of j?
1193
What are the prime factors of 1176/6 + (3 - -2)?
3, 67
Suppose 20 = 3*i + 5. List the prime factors of 882/8 - i/20.
2, 5, 11
Suppose -14*q = 3782 - 35240. List the prime factors of q.
3, 7, 107
Let d = -23 - -25. Let k be 32/8 - (-32)/d. Suppose -k - 21 = -t. List the prime factors of t.
41
Suppose -4*r + 4*u + 13258 = 3*u, r - 3306 = -4*u. List the prime factors of r.
2, 1657
Let k = 6 + -3. Suppose 0 = 8*l - k*l - 190. Suppose 4*d + 10 - l = 0. What are the prime factors of d?
7
What are the prime factors of 3934 + 7 + (2 - 5)?
2, 11, 179
Let a(h) = -h - 8. Let f be a(-6). Let y = 18 + f. List the prime factors of y.
2
Let i(p) = 3*p**2 + 8*p + 16. Let r be i(-6). Suppose -7*j + r = -5*j. What are the prime factors of j?
2, 19
Let f = 23 + -20. Let p = -13 + f. Let g = 14 + p. List the prime factors of g.
2
Suppose -24*c = -41*c + 18258. List the prime factors of c.
2, 3, 179
Suppose -61*f + 54848 = 15503. List the prime factors of f.
3, 5, 43
Let j(l) = -l**2 + 8*l + 3. Let c be j(8). Let y(n) = -n + 5. Let b be y(c). Suppose 8 = v - o, 5*v - 52 = b*v - 4*o. List the prime factors of v.
2, 3
Suppose 9 + 3 = 3*b. Let n(h) = h**2 + 11*h + 6. Let g be n(-12). Suppose -j + b*j = g. List the prime factors of j.
2, 3
Let g(w) = w**2 + 11*w + 10. Let q be g(-10). Suppose -z - 3*t = 4 - 1, q = -2*z + t + 15. What are the prime factors of 58/z - (-5)/15?
2, 5
Let p(h) = h**3 + 21*h**2 + 20*h - 35. Let j be p(-19). Let v = j - 212. What are the prime factors of v?
5, 19
List the prime factors of (-3 + 2 + 0)*-202*2.
2, 101
Let r be 1 - (4 + (3 - 6)). Let d(c) = -2*c + 1. Let x be d(-1). Suppose -b - n + 29 = r, 4*b - x*n = -2*n + 96. List the prime factors of b.
5
Suppose 0 = v + 3*v - 4, -3*v = -2*t - 15. Let w be t/4 + 6/(-12). List the prime factors of (-1 - -35 - 3) + w.
29
Let m(r) be the third derivative of r**5/30 - r**4/24 - 2*r**3/3 - 23*r**2. Let n be 1/2 - 14/4. List the prime factors of m(n).
17
Suppose 0 = -0*u + 4*u - 20. Suppose u*i - 2*i = 429. List the prime factors of 